-3
(-6 - -2) + 6 - 4 - -2
0
Calculate 5 - (3 + -7 + 4).
5
What is the value of (-2 - 0) + 0 + 0 - 2?
-4
Calculate 2 + -7 + 2 + 0.
-3
4 - (-1 - ((-3 - -4) + -2))
4
What is -63 + 68 + -10 + -1?
-6
What is 4 - (7 + -8 + 2 - -4)?
-1
What is (0 - (-2 + 1 + -1)) + 1?
3
Evaluate -13 + 14 - (5 - 1).
-3
Calculate (4 + 1 - 6) + 5.
4
Calculate (-2 - -1 - (0 + -6)) + 1.
6
Evaluate -5 - -4 - (1 - 1).
-1
Evaluate -2 - (0 - (-4 + 4)).
-2
0 + 5 + -2 + -8
-5
-8 + (13 - (0 + 8 + -1))
-2
Calculate 3 + -1 + 1 + -1.
2
Calculate -2 + -3 + (-3 - -7) + 2.
1
Evaluate -4 - (-5 + (0 - -5)).
-4
What is the value of 2 + (-3 - -5) - (2 - 2)?
4
What is the value of 1 - ((-13 - -19) + 1 + -4)?
-2
What is (-5 - -1) + (-10 - -7)?
-7
What is the value of -8 + -9 + 17 - -2?
2
What is (1 - 3) + -2 + 3?
-1
What is -4 + (8 - 7) + 3?
0
9 - 2 - (13 - 0)
-6
Evaluate 4 + 2 + (-2 - 0).
4
Evaluate 4 + -4 + (0 - 3).
-3
What is the value of (-4 - (4 - 4)) + 4?
0
Evaluate -5 + (0 - ((-2 - -3) + -5)).
-1
Calculate 18 - (-12 + 22 - -3).
5
Evaluate 6 + (0 - -6) + -10 + -3.
-1
Evaluate (3 - (14 - 8)) + 0.
-3
Calculate 1 + 6 + -9 - (0 - -3).
-5
What is the value of 6 - ((-3 - -5) + -2) - 0?
6
What is -6 + (-1 - 0) - 7 - -6?
-8
What is -7 - 0 - -3 - -4?
0
What is the value of 3 + 2 - -2 - 4?
3
What is the value of 3 - (-1 + 4 + 0)?
0
Calculate 2 - 2 - (-11 + 7).
4
Evaluate 0 - -7 - (3 + -1 + 0).
5
Calculate -14 - -1 - (6 + -25 + 12).
-6
Calculate -5 + 1 + -3 + 13 - 11.
-5
3 + (4 - 8) + -2
-3
Calculate (7 - (-2 - -4)) + -1.
4
Calculate -1 + 6 + -12 + 6.
-1
What is 9 - 5 - (-2 - 0)?
6
-1 + (-1 + 4 + -3 - -1)
0
0 - ((11 - 9) + (-2 - 0))
0
What is -17 - (-6 - (6 + -6))?
-11
Evaluate 4 - 2 - 0 - 2.
0
Calculate -5 + (-2 + 4 - 6) + 4.
-5
What is the value of 374 + -374 + (-1 - -2) + -4?
-3
What is the value of 2 + (0 + 0 - 3)?
-1
7 + -3 + -2 + -3
-1
Evaluate (7 - 6) + -3 - -7.
5
Evaluate -6 + (-1 + 0 - (-48 - -40)).
1
What is the value of (-3 - -2 - (-2 - -5)) + 9?
5
What is -1 + 2 + (2 - 0) + -4?
-1
What is the value of -6 - (-14 + (8 - 7))?
7
Calculate -8 - (1 + -2 + -2).
-5
(1 - (-2 + (4 - 1))) + -4
-4
What is -5 - (7 + -7 - 4)?
-1
Calculate -8 - (4 + -7 + -2).
-3
Calculate -4 - (5 + (0 - (19 + -6))).
4
-5 + -2 + (6 - (4 - 8))
3
Calculate -6 - 0 - (-11 - -10).
-5
Calculate (-1 - (-1 + 14)) + 328 + -323.
-9
Calculate 2 + -2 + (4 - (2 - 0)).
2
Evaluate -213 + 221 - (-1 + 2 + 2).
5
1 + 0 + (0 - -3)
4
What is the value of 9 + (-6 - -3) - 11?
-5
What is the value of 2 + -4 + (-2 - -1)?
-3
What is -3 - (5 - -10 - 11)?
-7
-3 + 0 + 9 + (20 - 19)
7
Calculate (-4 - 2) + 5 + -1.
-2
Calculate -1 - (-4 + 1 + 6 - 1).
-3
(0 - (0 + -1)) + 1 + -4
-2
Calculate -1 + (-2 - (-9 + 5)).
1
Evaluate (-3 - -1) + 2 + 1.
1
What is the value of (13 - -7 - 11) + -13?
-4
What is 8 - 2 - (10 + (-7 - 0))?
3
Calculate -26 + 28 - (-3 + 1).
4
Evaluate 4 + 18 + -1 - 10.
11
What is 8 + 10 + -15 - -7?
10
Evaluate 2 - 6 - (-10 - -7).
-1
Calculate 3 + (6 - -4 - 8).
5
1 + 8 + -8 + 2
3
What is 9 + (-3 - -1) - 0?
7
6 - (7 + -2) - 2 - -5
4
What is the value of 6 - ((6 - 9) + 1)?
8
Calculate 4 + -3 - 8 - -2.
-5
Calculate (-3 - -5 - 2) + 17 + -11.
6
What is 8 - ((4 - 0) + 5 + -4)?
3
What is (2 - -3) + 3 + (-15 - -11)?
4
Evaluate -1 - -14 - (69 - 62).
6
What is the value of 0 + -3 + (2 - -1) + 3?
3
What is the value of -2 - (-2 - (-2 + 2) - 2)?
2
7 + (0 - -7 - 19) + 6
1
What is the value of 2 - (-4 + 1 - -6) - 2?
-3
Calculate (0 - -3) + 10 + -14 - -1.
0
What is 14 + -3 + -5 + -11?
-5
Calculate (10 - 8) + (5 - 3) + 3.
7
What is -7 + (2 - (-16 - (-8 - -3)))?
6
What is -8 + 5 + (6 - 2)?
1
Evaluate (-6 - -6 - 7) + 6.
-1
What is the value of 5 + 7 + -25 - -7 - -8?
2
Calculate (10 - (2 - -3)) + -1.
4
0 - -1 - (131 + -137)
7
Calculate 2 + (-4 - -7) - (5 - 6).
6
(22 - 25) + (1 - -4)
2
Calculate -12 + (28 - 13) + -1.
2
Calculate -8 - 0 - (-14 + -1).
7
What is the value of -3 - (4 + -4 + 4)?
-7
5 - ((9 - 6) + 1)
1
Calculate 0 - (-8 - (3 - 4)).
7
Evaluate 0 + -1 + 3 - (7 - 5).
0
Calculate (-3 - -6 - 9) + 0 + 1.
-5
What is the value of 50 + -41 + (-1 - 0)?
8
What is 1 - -1 - (-4 - -1)?
5
Calculate -2 - -2 - ((1 - -3) + -5).
1
Evaluate -4 - (-4 - (-6 + 4 - 0)).
-2
What is -29 - -21 - (-3 + 1)?
-6
What is the value of 2 + (2 - 6) - 3 - -4?
-1
Calculate -1 - ((2 - 7) + 9).
-5
What is -157 - -153 - (1 - 1)?
-4
What is -1 - -3 - (27 + -26)?
1
Calculate 10 + -7 - (-2 + 5 + -6).
6
What is (34 - 21) + (0 - 4)?
9
Calculate -3 + -1 - (1 + -5).
0
Evaluate 1 + 9 - (-1 - -6).
5
What is (7 - 0 - (7 + -3)) + -2?
1
Evaluate (-14 - -17) + (-3 + 2 - 2).
0
(5 - 12) + 6 + -2
-3
What is 1 + (7 - 13 - -4)?
-1
Calculate -10 + 1 - (1 + -5).
-5
Evaluate -11 + (-3 - (6 + -18 - -6)).
-8
Evaluate -22 + (-9 - -20) - -6.
-5
8 - 11 - -3 - 4
-4
Calculate (-58 - -49) + (-1 - -11).
1
What is the value of -18 + 19 - (-2 + 7)?
-4
What is the value of (-14 - -6) + 7 - (3 - 0)?
-4
Evaluate -7 - (-2 + -3 - -1) - -3.
0
What is 8 - (-5 + 2 + 13 - 5)?
3
-6 + (4 - -3) - -5
6
Calculate 3 + -3 + -3 - (-2 + -3).
2
Evaluate (3 - -1) + (4 - (15 + -2)).
-5
What is (0 - -1) + -4 - (242 + -240)?
-5
Evaluate (-8 - -12) + -3 + (3 - -1).
5
What is the value of 4 - (-3 - -3) - (0 - 1)?
5
What is (10 - 1) + -1 - (-18 - -20)?
6
1 + -1 - (85 - 92)
7
Evaluate -2 - 19 - (3 - 15).
-9
What is the value of 3 + -4 + -3 - -4 - -6?
6
What is 3 + (-7 - (-3 - 0)) + 4?
3
What is the value of 6 + -1 - (3 - -4 - 3)?
1
Evaluate 2 - ((-9 - -7) + -1).
5
Calculate 8 + -2 + -2 + (-1 - 0).
3
Calculate -8 - (4 + -4 - 10).
2
Evaluate 7 + -7 + -2 + 3.
1
-1 - -2 - (10 - 9)
0
6 + -2 - -1 - (-99 - -101)
3
Evaluate 2 + -1 - (-1 - -1 - 2).
3
Evaluate -6 + (2 - -13) + -4.
5
Evaluate (1 + 0 - -3 - 5) + 1.
0
-2 - ((2 - 3) + (-2 - 6))
7
Evaluate 6 + (-2 - 3 - -4).
5
Evaluate (-3 - (-4 + -5)) + -7 + 10.
9
Evaluate -4 + 0 - (-117 - -109).
4
2 - -1 - 0 - (1 - 3)
5
What is 0 + (4 + -1 - -3) - 3?
3
Evaluate 48 + -46 + -2 + 6.
6
-127 - -123 - (1 - 11)
6
-6 - (5 + (14 - 30))
5
Evaluate 0 + 0 - (-7 - -2).
5
What is the value of -6 + 1 - (-5 - -3 - 4)?
1
(2 - 8) + 7 - -4
5
Evaluate -1 + (-7 + 4 - (-7 - 2)).
5
Evaluate (-2 - -1) + (15 - 11).
3
What is the value of 0 - -3 - (18 - 15 - -2)?
-2
What is the value of 4 + -1 - (-1 + 3) - 2?
-1
Evaluate -3 - -3 - (2 - (9 + -5)).
2
-2 - -1 - ((2 - 3) + -5)
5
Calculate (2 - -1) + -3 + 1 + -3.
-2
What is (3 - (3 - (3 + -3))) + -4?
-4
What is the value of -3 - ((7 - 5) + -11)?
6
Evaluate -9 + 1 - (15 + -33 + 10).
0
Evaluate (-2 - 5) + 0 + 7.
0
Evaluate (17 - 10) + (5 - 6).
6
What is the value of -2 + (6 + 2 - 3)?
3
Calculate (-4 - -2 - -2) + (-11 - -16).
5
What is the value of 1 + 9 - (-39 + 42)?
7
Evaluate 1 + 3 + -4 + -2 - 1.
-3
Calculate 3 - (6 + 1 + (0 - 2)).
-2
Evaluate 2 + 2 - (20 - 15).
-1
What is (-4 - (4 - 1 - 6)) + 6?
5
Calculate (5 - 2) + 0 - (-5 + 9).
-1
44 - 53 - (-10 - 3)
4
What is the value of -1 + 6 + -1 - 9 - -1?
-4
Evaluate -9 - (3 - (3 - -3)).
-6
What is -1 + -9 + 21 + -4?
7
3 - (-3 + (4 - -2 - 2))
2
-13 + 14 + (-1 - -1)
1
Evaluate -1 - (4 - (-2 - -3 - 0)).
-4
What is (21 - (12 + -5)) + -8?
6
What is 0 + (-1 - 10) - (103 - 110)?
-4
Evaluate (3 - (-1 + 0)) + 1.
5
Calculate 4 + -3 - 15 - -6.
-8
(-29 - -30) + (0 - 4)
-3
What is the value of (-7 - -4 - 0) + 0 + -1?
-4
Calculate -6 - ((-3 - -5) + -11).
3
0 + (0 - -3) + -1 + -2
0
Calculate -1 + (-4 - -7) + 0.
2
0 + (-3 - 0 - (19 + -22))
0
Calculate (10 - (0 - -2)) + -9.
-1
Evaluate -2 + (1 - (5 - 5)).
-1
What is the value of (-5 - 0) + (-33 - -35)?
-3
7 + 1 + (9 - 14)
3
1 - ((6 - 5) + -5)
5
What is (-5 - -2) + (1 - 3)?
-5
Evaluate -49 + 46 - (3 + (-3 - -6)).
-9
What is the value of -3 - 1 - (-18 - (12 + -20))?
6
-11 - (-5 + (-6 - -8))
-8
8 + 2 + (-4 - 2)
4
What is the value of (-2 - -2) + -1 + (11 - 5)?
5
-7 + (-3 + 5 - -3)
-2
Evaluate -5 - (-2 - (11 - 10)).
-2
0 - (-8 - (2 + -4 - -1))
7
Evaluate 5 + 7 + 3 + -10.
5
Evaluate (9 - (4 - (4 - 3))) + -12.
-6
Evaluate -6 - (-3 + 2 + -3).
-2
What is -3 + 4 + 2 - 2?
1
Calculate -7 - -3 - (-4 + 0 - -3).
-3
What is -29 - -31 - (-2 + 0 + 5)?
-1
What is (-2 - (-3 + 6)) + (-1 - -2)?
-4
What is -14 - (-3 - (2 - -2))?
-7
What is 8 - ((4 - 0) + -2)?
6
What is -1 + 3 + 2 + 2 + -3?
3
What is -6 + 7 + 2 - 8?
-5
What is (1 - -8) + 103 + -103?
9
What is -6 - (-13 + 4 - 2)?
5
Evaluate 2 + -30 + 26 + 6 + 0.
4
Evaluate -6 